visor of 71 and 5538.
71
What is the greatest common factor of 1007 and 117344?
19
Calculate the highest common divisor of 42662 and 15023.
83
Calculate the highest common divisor of 47170 and 1590.
530
Calculate the greatest common factor of 17748 and 24174.
306
Calculate the greatest common divisor of 348612 and 1463.
209
What is the highest common divisor of 2574626 and 514?
514
What is the highest common factor of 14 and 24410?
2
What is the highest common factor of 336 and 50484?
84
What is the greatest common divisor of 43773 and 12?
3
Calculate the highest common factor of 1475 and 5335075.
1475
Calculate the greatest common factor of 21660 and 81900.
60
Calculate the highest common divisor of 557 and 1065541.
557
What is the highest common divisor of 4 and 4775?
1
Calculate the highest common divisor of 120 and 432195.
15
What is the greatest common factor of 8104 and 3656930?
2026
What is the greatest common factor of 76 and 155800?
76
What is the highest common divisor of 32109 and 6699?
231
Calculate the highest common factor of 43040 and 310.
10
What is the greatest common factor of 184755 and 654?
327
Calculate the highest common factor of 56712 and 48.
24
Calculate the greatest common divisor of 348 and 442424.
116
Calculate the highest common factor of 60388 and 1333.
31
Calculate the highest common divisor of 4381 and 814192.
337
What is the greatest common factor of 554 and 214121?
277
Calculate the highest common factor of 37400 and 65600.
200
Calculate the greatest common divisor of 47696 and 1584.
176
What is the greatest common factor of 3211 and 180323?
169
What is the highest common divisor of 11849 and 62033?
697
Calculate the greatest common divisor of 61644 and 396.
132
Calculate the greatest common factor of 1014894 and 54.
18
What is the highest common divisor of 260 and 77649?
13
What is the greatest common factor of 166 and 9652?
2
What is the highest common factor of 115680 and 4512?
96
Calculate the greatest common factor of 136 and 224111.
17
Calculate the highest common factor of 90 and 2370.
30
What is the highest common divisor of 837093 and 93?
93
Calculate the highest common factor of 145 and 30160.
145
What is the greatest common factor of 456 and 333336?
456
Calculate the highest common divisor of 77482 and 152.
38
Calculate the highest common factor of 5643 and 19008.
297
What is the highest common divisor of 5895 and 20?
5
Calculate the highest common divisor of 7449 and 25594.
191
Calculate the greatest common factor of 232 and 12412.
116
What is the greatest common factor of 1416 and 1491756?
708
Calculate the greatest common divisor of 71025 and 1350.
75
Calculate the highest common factor of 132104 and 49.
49
Calculate the greatest common factor of 632 and 83740.
316
What is the highest common factor of 10140 and 26?
26
Calculate the greatest common factor of 156 and 125988.
12
What is the greatest common factor of 1328 and 8964?
332
What is the highest common factor of 352 and 79376?
176
What is the highest common divisor of 1122 and 30107?
187
Calculate the greatest common factor of 645273 and 3.
3
What is the greatest common divisor of 8075 and 600?
25
Calculate the highest common factor of 76 and 82156.
76
Calculate the highest common factor of 7150 and 9449.
11
What is the highest common divisor of 2750 and 14125?
125
What is the highest common divisor of 508 and 1803908?
508
What is the highest common divisor of 1869 and 11837?
623
Calculate the greatest common factor of 3653 and 35100.
13
Calculate the greatest common divisor of 106656 and 10100.
404
Calculate the greatest common divisor of 51579 and 9.
9
What is the greatest common divisor of 27051 and 426?
213
Calculate the highest common factor of 256 and 114944.
256
What is the greatest common divisor of 15029 and 452?
113
What is the greatest common divisor of 14916 and 572?
44
What is the greatest common divisor of 48 and 302616?
24
Calculate the highest common divisor of 77 and 20496.
7
Calculate the highest common factor of 30799 and 38.
19
Calculate the highest common divisor of 1588040 and 58.
58
Calculate the greatest common divisor of 828 and 144.
36
What is the highest common divisor of 120 and 64230?
30
Calculate the highest common factor of 506654 and 38.
38
Calculate the greatest common factor of 26197280 and 160.
160
What is the greatest common factor of 303 and 69?
3
Calculate the highest common divisor of 26 and 7116.
2
What is the highest common factor of 866 and 669418?
866
What is the greatest common factor of 2914 and 752?
94
Calculate the highest common divisor of 6913 and 26983.
223
What is the highest common factor of 23 and 409009?
23
What is the greatest common divisor of 1063 and 16?
1
Calculate the greatest common divisor of 678490 and 38.
38
Calculate the highest common factor of 2232 and 10968.
24
What is the highest common factor of 463 and 549581?
463
What is the highest common factor of 230 and 223330?
230
Calculate the greatest common factor of 6188 and 924.
28
Calculate the greatest common divisor of 63716 and 170.
34
What is the greatest common divisor of 495 and 3124?
11
What is the highest common divisor of 40 and 1069590?
10
Calculate the highest common factor of 263844 and 276.
12
Calculate the greatest common factor of 4 and 466216.
4
What is the greatest common factor of 264 and 124566?
6
What is the greatest common factor of 3375 and 51225?
75
Calculate the greatest common divisor of 4432 and 104.
8
Calculate the greatest common divisor of 17691 and 333.
3
What is the greatest common divisor of 1106 and 175?
7
What is the highest common factor of 10 and 681?
1
What is the highest common factor of 136 and 31586?
34
Calculate the greatest common factor of 11150 and 250.
50
Calculate the greatest common factor of 80734 and 1332.
74
What is the greatest common factor of 263815 and 2945?
95
What is the highest common factor of 853659 and 27?
27
Calculate the highest common factor of 18195 and 930.
15
What is the highest common divisor of 2048 and 28720?
16
Calculate the highest common factor of 610 and 4450.
10
What is the greatest common divisor of 1494 and 24?
6
What is the highest common divisor of 6656 and 130?
26
What is the highest common factor of 859889 and 785?
157
Calculate the greatest common factor of 60 and 1164255.
15
Calculate the greatest common divisor of 4966 and 41256.
382
What is the greatest common factor of 168 and 532448?
56
What is the highest common factor of 107 and 993281?
107
What is the greatest common divisor of 3441 and 91357?
31
What is the highest common factor of 70506 and 198?
18
What is the highest common factor of 196 and 674191?
49
Calculate the greatest common divisor of 36 and 227412.
36
Calculate the highest common factor of 301400 and 176.
88
What is the greatest common divisor of 19431 and 2142?
153
Calculate the greatest common divisor of 24504 and 5105.
1021
Calculate the highest common factor of 285112 and 471.
157
What is the highest common divisor of 3356451 and 1652?
413
Calculate the highest common divisor of 6370434 and 21.
21
What is the greatest common divisor of 797823 and 351?
351
Calculate the highest common divisor of 207 and 1104.
69
Calculate the greatest common factor of 4343 and 2623.
43
Calculate the greatest common divisor of 176 and 240031.
11
Calculate the greatest common divisor of 765 and 192645.
45
Calculate the greatest common divisor of 602 and 27566.
14
Calculate the highest common factor of 148029 and 49.
49
What is the highest common divisor of 4366 and 2590?
74
What is the highest common factor of 143145 and 1125?
45
What is the highest common factor of 21920 and 640?
160
Calculate the highest common divisor of 203 and 4254068.
203
What is the highest common factor of 15760 and 220?
20
Calculate the highest common divisor of 17310 and 2100.
30
Calculate the greatest common divisor of 8648 and 752.
376
What is the greatest common divisor of 1524552 and 139?
139
What is the highest common divisor of 9641 and 620?
31
What is the highest common divisor of 41 and 743371?
41
Calculate the greatest common factor of 4147 and 5104.
319
Calculate the highest common factor of 1120834 and 26.
26
What is the highest common divisor of 780